mainder when 1693902 is divided by 13131.
3
Calculate the remainder when 537285 is divided by 484.
45
What is the remainder when 702757 is divided by 20?
17
Calculate the remainder when 2610589 is divided by 2274.
37
What is the remainder when 6129773 is divided by 1532398?
181
What is the remainder when 82097 is divided by 40992?
113
What is the remainder when 907833 is divided by 135?
93
Calculate the remainder when 31620949 is divided by 67.
31
Calculate the remainder when 89752128 is divided by 4989.
18
Calculate the remainder when 187771260 is divided by 266.
264
Calculate the remainder when 153793946 is divided by 1078.
1076
What is the remainder when 953097 is divided by 208?
41
Calculate the remainder when 1325655 is divided by 959.
317
What is the remainder when 17638313 is divided by 58?
49
What is the remainder when 14718537 is divided by 17?
5
Calculate the remainder when 107663 is divided by 12543.
7319
What is the remainder when 73353 is divided by 217?
7
Calculate the remainder when 215886 is divided by 19594.
352
What is the remainder when 9282986 is divided by 143?
141
Calculate the remainder when 5466942 is divided by 187.
184
Calculate the remainder when 63602 is divided by 30936.
1730
Calculate the remainder when 1319471 is divided by 9554.
1019
Calculate the remainder when 813272 is divided by 2836.
2176
Calculate the remainder when 78474 is divided by 19586.
130
Calculate the remainder when 26837260 is divided by 243975.
10
Calculate the remainder when 3895057 is divided by 737.
12
Calculate the remainder when 13487199 is divided by 709852.
11
What is the remainder when 31053807 is divided by 410?
407
What is the remainder when 526278 is divided by 58434?
372
What is the remainder when 68821 is divided by 68807?
14
What is the remainder when 79155 is divided by 257?
256
What is the remainder when 1291403 is divided by 187?
168
Calculate the remainder when 320483563 is divided by 46.
45
What is the remainder when 19238085 is divided by 2442?
9
What is the remainder when 114530 is divided by 114506?
24
What is the remainder when 62911 is divided by 14536?
4767
Calculate the remainder when 247100 is divided by 12.
8
What is the remainder when 8192492 is divided by 78?
74
Calculate the remainder when 4644395 is divided by 1548128.
11
What is the remainder when 457948 is divided by 38156?
76
Calculate the remainder when 31443329 is divided by 712.
697
What is the remainder when 543263 is divided by 77251?
2506
What is the remainder when 83777529 is divided by 163309?
12
What is the remainder when 372980 is divided by 21940?
0
What is the remainder when 6497970 is divided by 102?
60
Calculate the remainder when 42730866 is divided by 79278.
24
Calculate the remainder when 312075 is divided by 23630.
4885
Calculate the remainder when 70521846 is divided by 1808252.
18
What is the remainder when 29927274 is divided by 145?
144
Calculate the remainder when 286244 is divided by 1277.
196
What is the remainder when 671069 is divided by 670549?
520
Calculate the remainder when 3103829 is divided by 55.
14
What is the remainder when 183680 is divided by 22948?
96
What is the remainder when 608552 is divided by 40566?
62
Calculate the remainder when 119698 is divided by 23623.
1583
What is the remainder when 24031 is divided by 81?
55
Calculate the remainder when 944595 is divided by 85.
75
Calculate the remainder when 29324 is divided by 78.
74
Calculate the remainder when 2260536 is divided by 753362.
450
What is the remainder when 1229899 is divided by 614765?
369
What is the remainder when 15328 is divided by 1972?
1524
What is the remainder when 3294869 is divided by 67?
10
What is the remainder when 8659692 is divided by 94126?
100
Calculate the remainder when 234192839 is divided by 248.
239
Calculate the remainder when 1303600 is divided by 20.
0
Calculate the remainder when 418770463 is divided by 209385229.
5
Calculate the remainder when 14766 is divided by 326.
96
Calculate the remainder when 150265431 is divided by 53.
43
Calculate the remainder when 105572024 is divided by 12118.
8
What is the remainder when 419479 is divided by 3412?
3215
What is the remainder when 19770 is divided by 4915?
110
Calculate the remainder when 85763 is divided by 8570.
63
What is the remainder when 84552684 is divided by 612?
600
What is the remainder when 3524290 is divided by 3524102?
188
What is the remainder when 9309034 is divided by 1034335?
19
What is the remainder when 799074 is divided by 47?
27
Calculate the remainder when 5169123 is divided by 279.
90
What is the remainder when 200738 is divided by 544?
2
Calculate the remainder when 88091 is divided by 4297.
2151
What is the remainder when 235137 is divided by 862?
673
Calculate the remainder when 146979197 is divided by 100.
97
What is the remainder when 1873379 is divided by 232?
211
What is the remainder when 460355 is divided by 14386?
3
Calculate the remainder when 16020 is divided by 6790.
2440
What is the remainder when 148460 is divided by 409?
402
Calculate the remainder when 13516 is divided by 589.
558
What is the remainder when 8684410 is divided by 61?
23
Calculate the remainder when 102232 is divided by 14313.
2041
Calculate the remainder when 22957 is divided by 1167.
784
What is the remainder when 150158 is divided by 150059?
99
Calculate the remainder when 491733 is divided by 23.
16
What is the remainder when 687522 is divided by 206?
100
What is the remainder when 13512008 is divided by 2361?
5
What is the remainder when 794998 is divided by 1064?
190
What is the remainder when 1625250 is divided by 188?
178
Calculate the remainder when 3392558 is divided by 199557.
89
Calculate the remainder when 447003 is divided by 6400.
5403
What is the remainder when 65942968 is divided by 35?
28
Calculate the remainder when 2348986 is divided by 123629.
35
Calculate the remainder when 13527120 is divided by 406.
12
What is the remainder when 7185585 is divided by 7185355?
230
What is the remainder when 16225856 is divided by 121?
119
Calculate the remainder when 1133303 is divided by 10894.
327
What is the remainder when 8335319 is divided by 8?
7
Calculate the remainder when 1263873 is divided by 1291.
1275
What is the remainder when 4368620 is divided by 5226?
4910
Calculate the remainder when 32384435 is divided by 34710.
5
Calculate the remainder when 3779 is divided by 2906.
873
What is the remainder when 11110628 is divided by 88179?
74
What is the remainder when 598167 is divided by 4567?
4457
What is the remainder when 31450 is divided by 15168?
1114
What is the remainder when 17914698 is divided by 2283?
2280
What is the remainder when 1545369 is divided by 20333?
61
Calculate the remainder when 339579 is divided by 779.
714
Calculate the remainder when 128868 is divided by 5328.
996
What is the remainder when 2608528 is divided by 49217?
27
What is the remainder when 130593 is divided by 348?
93
What is the remainder when 1958478 is divided by 55955?
53
What is the remainder when 91963 is divided by 22725?
1063
Calculate the remainder when 1751430 is divided by 875695.
40
What is the remainder when 7183245 is divided by 482?
481
Calculate the remainder when 8828926 is divided by 101.
11
Calculate the remainder when 677660 is divided by 4010.
3980
Calculate the remainder when 707976 is divided by 176945.
196
Calculate the remainder when 3992576 is divided by 570360.
56
Calculate the remainder when 1605731 is divided by 3277.
1
Calculate the remainder when 13338936 is divided by 4446311.
3
Calculate the remainder when 30781582 is divided by 802.
20
Calculate the remainder when 7374147 is divided by 25.
22
What is the remainder when 136796 is divided by 136651?
145
Calculate the remainder when 2108250 is divided by 90.
0
What is the remainder when 14517222 is divided by 67?
64
What is the remainder when 72201 is divided by 158?
153
Calculate the remainder when 3115347 is divided by 73.
72
Calculate the remainder when 25592 is divided by 41.
8
Calculate the remainder when 8439 is divided by 401.
18
What is the remainder when 59073 is divided by 7264?
961
Calculate the remainder when 2981819 is divided by 47.
45
Calculate the remainder when 8171168 is divided by 